618?
True
Is 7197197 a multiple of 47?
False
Is 357225 a multiple of 33?
True
Does 48 divide 89376?
True
Is 88924 a multiple of 172?
True
Is 27266 even?
True
Is 5920075 a multiple of 9?
False
Does 8 divide 13126334?
False
Does 4 divide 160556?
True
Is 107295 a multiple of 23?
True
Is 782 a factor of 7740236?
True
Is 300 a factor of 1043700?
True
Does 5 divide 394759?
False
Is 4427098 a multiple of 12?
False
Is 34347 a multiple of 189?
False
Is 69 a factor of 974306?
False
Is 144454 a multiple of 4?
False
Is 272 a factor of 15363376?
True
Is 16496771 a multiple of 52?
False
Does 68 divide 3814052?
True
Does 17 divide 383087?
False
Is 3891120 a multiple of 1240?
True
Is 475 a factor of 199975?
True
Is 7503 a multiple of 3?
True
Is 9141592 a multiple of 12?
False
Is 35 a factor of 1790611?
False
Is 74 a factor of 2158400?
False
Is 223 a factor of 314009?
False
Is 37 a factor of 972989?
True
Does 875 divide 2935625?
True
Is 34 a factor of 3792904?
True
Does 152 divide 17182420?
False
Is 39 a factor of 6708?
True
Is 120554 a multiple of 137?
False
Is 1741509 a multiple of 441?
True
Does 477 divide 10800?
False
Is 39 a factor of 136456?
False
Is 178626 a multiple of 42?
True
Does 16 divide 173869?
False
Is 18 a factor of 518544?
True
Does 3 divide 260047?
False
Is 100260 a multiple of 30?
True
Is 221 a factor of 2064486?
False
Is 7 a factor of 831385?
False
Does 6 divide 41768?
False
Is 1028 a factor of 1549634?
False
Does 220 divide 33327?
False
Is 6810473 a multiple of 6?
False
Is 885756 a multiple of 3?
True
Is 134 a factor of 1616605?
False
Does 7 divide 121035?
False
Is 15 a factor of 5623050?
True
Is 528 a factor of 230732?
False
Is 567 a factor of 2074653?
True
Is 172 a factor of 174580?
True
Does 27 divide 161323?
False
Is 19 a factor of 33135?
False
Is 43 a factor of 40286?
False
Is 10 a factor of 153560?
True
Is 109791 a multiple of 32?
False
Does 13 divide 3452982?
True
Does 206 divide 1486894?
False
Does 160 divide 2822400?
True
Is 187320 a multiple of 6?
True
Is 626 a factor of 2244836?
True
Is 274 a factor of 1881010?
True
Is 116 a factor of 3019590?
False
Is 305 a factor of 17364260?
True
Does 4 divide 11804?
True
Is 77 a factor of 173712?
True
Is 458977 a multiple of 10?
False
Is 15 a factor of 6997811?
False
Does 130 divide 213810?
False
Is 94 a factor of 167021?
False
Is 82 a factor of 86585?
False
Is 35700 a multiple of 35?
True
Does 826 divide 1179528?
True
Is 29 a factor of 8294?
True
Does 24 divide 917451?
False
Is 69 a factor of 1435752?
True
Does 6 divide 149814?
True
Does 90 divide 10961780?
False
Is 332962 a multiple of 34?
True
Does 244 divide 50508?
True
Does 147 divide 277322?
False
Is 286 a factor of 1570140?
True
Is 7 a factor of 226140?
False
Is 194192 a multiple of 212?
True
Does 305 divide 109190?
True
Does 330 divide 8910?
True
Is 133 a factor of 197904?
True
Is 191 a factor of 1160797?
False
Is 250580 a multiple of 110?
True
Is 204 a factor of 408204?
True
Does 18 divide 56068?
False
Is 225420 a multiple of 21?
False
Is 7699636 a multiple of 287?
True
Is 15 a factor of 3855?
True
Is 14 a factor of 74157?
False
Is 17 a factor of 68167?
False
Is 130284 a multiple of 1641?
False
Is 728136 a multiple of 36?
True
Is 2342760 a multiple of 168?
True
Is 99406 a multiple of 41?
False
Is 148 a factor of 6039?
False
Does 13 divide 1217899?
False
Is 158382 a multiple of 63?
True
Does 269 divide 1807336?
False
Is 164003 a multiple of 16?
False
Does 44 divide 687671?
False
Is 5613525 a multiple of 915?
True
Is 23440737 a multiple of 29?
False
Is 130044 a multiple of 2?
True
Does 663 divide 6861239?
False
Is 121 a factor of 364694?
True
Is 593705 a multiple of 7?
True
Is 996744 a multiple of 21?
True
Is 35 a factor of 4411050?
True
Is 48177 a multiple of 303?
True
Is 37 a factor of 14504?
True
Does 3 divide 1371204?
True
Does 20 divide 325088?
False
Does 9 divide 38163?
False
Is 1328 a factor of 10183412?
False
Is 1565692 a multiple of 20?
False
Is 1049731 a multiple of 141?
False
Is 1360042 a multiple of 12?
False
Is 525 a factor of 394107?
False
Is 61448 a multiple of 7?
False
Is 298 a factor of 136484?
True
Is 247 a factor of 7652337?
False
Is 249 a factor of 481317?
True
Is 392 a factor of 1856512?
True
Is 7969258 a multiple of 13?
False
Is 1213 a factor of 3895735?
False
Is 65 a factor of 7356635?
True
Is 801 a factor of 28540431?
True
Does 9 divide 223342?
False
Is 3 a factor of 4183?
False
Is 1004 a factor of 14719517?
False
Does 265 divide 42665?
True
Does 170 divide 15618?
False
Does 138 divide 6577218?
True
Is 1193 a factor of 1826483?
True
Does 30 divide 977520?
True
Is 11306184 a multiple of 8?
True
Does 855 divide 1303020?
True
Is 3342325 a multiple of 71?
True
Is 16259 a multiple of 17?
False
Is 257608 a multiple of 13?
True
Is 708152 a multiple of 15?
False
Is 9 a factor of 48133?
False
Is 351 a factor of 160636?
False
Is 4462338 a multiple of 2154?
False
Is 386699 a multiple of 11?
False
Does 1048 divide 7998336?
True
Does 74 divide 976504?
True
Is 917352 a multiple of 372?
True
Does 15 divide 82365?
True
Does 21 divide 331044?
True
Is 3069287 a multiple of 256?
False
Does 25 divide 21100?
True
Does 30 divide 6199521?
False
Is 1387401 a multiple of 41?
False
Does 26 divide 126984?
True
Does 354 divide 475717?
False
Is 59700 a multiple of 169?
False
Is 3384066 a multiple of 53?
False
Is 31 a factor of 6923044?
True
Is 568882 a multiple of 166?
True
Does 982 divide 12460598?
True
Is 21791 a multiple of 11?
True
Is 23550520 a multiple of 20?
True
Is 25221937 a multiple of 8?
False
Is 507 a factor of 2897207?
False
Does 101 divide 148975?
True
Is 12222 a multiple of 126?
True
Is 77396 a multiple of 44?
True
Is 38403 a multiple of 133?
False
Does 7 divide 11025?
True
Is 32897 a multiple of 140?
False
Is 135866 a multiple of 65?
False
Is 13 a factor of 2124927?
False
Is 1318058 a multiple of 62?
True
Is 189 a factor of 1926477?
True
Is 1362200 a multiple of 53?
False
Is 173186 a multiple of 48?
False
Does 86 divide 1314252?
True
Is 8 a factor of 1379640?
True
Does 893 divide 6846631?
True
Is 4883362 a multiple of 35?
False
Is 200 a factor of 534440?
False
Is 23 a factor of 4639146?
True
Is 129 a factor of 338317?
False
Does 8 divide 43808?
True
Is 6598968 a multiple of 24?
True
Does 117 divide 586404?
True
Does 406 divide 279414?
False
Does 21 divide 2541?
True
Does 89 divide 17919?
False
Is 76 a factor of 422864?
True
Is 706394 a multiple of 315?
False
Is 12892423 a multiple of 210?
False
Is 186039 a multiple of 6?
False
Does 808 divide 3949504?
True
Is 16 a factor of 15585792?
True
Does 57 divide 1003884?
True
Is 7894702 a multiple of 261?
False
Does 3 divide 6755?
False
Is 19 a factor of 823688?
True
Is 289 a factor of 95948?
True
Is 51300 a multiple of 57?
True
Is 543 a factor of 570777?
False
Is 513963 a multiple of 5?
False
Is 148 a factor of 456470?
False
Is 65208 a multiple of 44?
True
Is 77 a factor of 4166237?
False
Is 19 a factor of 751222?
True
Is 2633997 a multiple of 35?
False
Does 273 divide 223587?
True
Is 2798926 a multiple of 1297?
True
Does 39 divide 925197?
True
Does 11 divide 3755235?
True
Is 6027792 a multiple of 816?
True
Is 446040 a multiple of 40?
True
Is 4803821 a multiple of 47?
False
Does 5 divide 12895?
True
Is 26 a factor of 526682?
True
Is 4 a factor of 66097?
False
Is 4110464 a multiple of 17?
True
Does 2 divide 3300061?
False
Is 463129 a multiple of 5?
False
Is 154 a factor of 137611?
False
Does 16 divide 843702?
False
Does 8 divide 218575?
False
Does 61 divide 2055883?
True
Is 8041280 a multiple of 16?
True
Does 126 divide 186984?
True
Does 2 divide 38575?
False
Is 624 a factor of 2130663?
False
Is 691 a factor of 195394?
False
Does 175 divide 4015900?
True
Is 81 a factor of 2774582?
False
Is 61585 a multiple of 5?
True
Does 68 divide 345304?
True
Is 1086540 a multiple of 39?
True
Is 181 a factor of 294668?
True
Does 113 divide 3401074?
True
Is 2572121 a multiple of 10?
False
Is 25 a factor of 386508?
False
Does 9 divide 8942805?
True
Is 20585 a multiple of 10?
False
Is 9470014 a multiple of 25?
False
Is 1616907 a multiple of 9?
False
Does 15 divide 889962?
False
Is 18 a factor of 20583239?
False
Is 6 a factor of 8782?
False
Is 1016851 a multiple of 9?
False
Is 101 a factor of 693